{"id":66571,"date":"2020-07-28T18:15:56","date_gmt":"2020-07-28T16:15:56","guid":{"rendered":"https:\/\/cetr.net\/es\/tematica-dels-15-encontres-internacionals-2004-2019\/"},"modified":"2020-07-28T19:11:28","modified_gmt":"2020-07-28T17:11:28","slug":"tematica-dels-15-encontres-internacionals-2004-2019","status":"publish","type":"page","link":"https:\/\/cetr.net\/es\/tematica-dels-15-encontres-internacionals-2004-2019\/","title":{"rendered":"Tem\u00e1tica de los 15 Encuentros Internacionales 2004-2019"},"content":{"rendered":"<h2><span style=\"color: #800000;\"><strong>Tem\u00e1tica de los 15 Encuentros Internacionales 2004-2019<\/strong><\/span><\/h2>\n<p><a href=\"https:\/\/cetr.net\/es\/1er-encuentro\/\"><strong>Los obst\u00e1culos a la espiritualidad en la Europa del siglo XXI<\/strong><\/a><br \/>\n1er. Encuentro Internacional de CETR. 30 de Agosto- 4 de Septiembre 2004 en Can Bordoi<\/p>\n<p><a href=\"https:\/\/cetr.net\/es\/65986\/\"><strong>\u00bfQu\u00e9 pueden ofrecer las tradiciones religiosas a las sociedades del siglo XXI?<\/strong><\/a><br \/>\n2\u00ba Encuentro Internacional de CETR. 28 de junio &#8211; 2 julio 2005 en Can Bordoi<\/p>\n<p><a href=\"https:\/\/cetr.net\/es\/3_lectura_simbolica_dels_textos_sagr\/\"><strong>Lectura simb\u00f3lica de los textos sagrados<\/strong><\/a><br \/>\n3er. Encuentro Internacional CETR. 6-10 de junio de 2006 en Can Bordoi<\/p>\n<p><a href=\"https:\/\/cetr.net\/es\/4o-encuentro-internacional-de-cetr\/\"><strong>Lectura puramente simb\u00f3lica de los textos sagrados. Ensayos pr\u00e1cticos<\/strong><\/a><br \/>\n4\u00ba Encuentro Internacional CETR. 3-7 de julio de 2007 en Can Bordoi<\/p>\n<p><a href=\"https:\/\/cetr.net\/es\/5o-encuentro-internacional-de-cetr-la-espiritualidad-como-cualidad-humana-y-su-cultivo-en-una-sociedad-laica\/\"><strong>La espiritualidad como cualidad humana y su cultivo en una sociedad laica<\/strong><\/a><br \/>\n5\u00ba Encuentro Internacional CETR. 7-12 de julio de 2008 en Can Bordoi<\/p>\n<p><a href=\"https:\/\/cetr.net\/es\/6o-encuentro-de-cetr\/\"><strong>La calidad humana fuente de equidad y justicia. La herencia de las tradiciones de sabidur\u00eda<\/strong><\/a><br \/>\n6\u00ba Encuentro Internacional CETR. 30 de junio-4 de julio 2009 en Llavaneras (Barcelona)<\/p>\n<p><a href=\"https:\/\/cetr.net\/es\/7_consecuencias_del_final_de_la_epis\/\"><strong>Consecuencias del final de la epistemolog\u00eda m\u00edtica<\/strong><\/a><br \/>\n7\u00ba Encuentro Internacional CETR. 28 de junio -2 de julio 2010 en Llavaneras (Barcelona)<\/p>\n<p><a href=\"https:\/\/cetr.net\/es\/la_crisis_axuilogica_raiz_de_todas_l\/\"><strong>La crisis axiol\u00f3gica ra\u00edz de todas las crisis que sufre nuestro mundo. C\u00f3mo manejarnos con ella<\/strong><\/a><br \/>\n8\u00ba Encuentro Internacional CETR. 16 &#8211; 20 de octubre de 2012 en Llavaneras (Barcelona)<\/p>\n<p><a href=\"https:\/\/cetr.net\/es\/indagaciones_sobre_la_construccion_d\/\"><strong>Indagaciones sobre la construcci\u00f3n de una epistemolog\u00eda axiol\u00f3gica<\/strong><\/a><br \/>\n9\u00ba Encuentro Internacional CETR en colaboraci\u00f3n con el CEDI.<br \/>\n25- 29 de noviembre de 2013 en Heredia (Costa Rica)<\/p>\n<p><a href=\"https:\/\/cetr.net\/es\/la_necesidad_ineludible_del_culti\/\"><strong>La necesidad ineludible del cultivo de la cualidad humana y de la cualidad humana profunda en nuestras sociedades, como una indagaci\u00f3n libre en comunicaci\u00f3n y en servicio<\/strong><\/a><br \/>\n10\u00ba Encuentro Internacional CETR. 7 -11 de octubre de 2014, en Llavaneras (Barcelona)<\/p>\n<p><a href=\"https:\/\/cetr.net\/es\/crisis_de_las_religiones_como_sistem\/\"><strong>Crisis de las religiones como sistemas de programaci\u00f3n colectiva y desmantelamiento axiol\u00f3gico: el reto de construir proyectos axiol\u00f3gicos colectivos que necesitamos<\/strong><\/a><br \/>\n11\u00ba Encuentro Internacional CETR. 2 -7 de noviembre de 2015 en Llavaneras (Barcelona)<\/p>\n<p><a href=\"https:\/\/cetr.net\/es\/la-orientacion-final-de-los-proyectos-axiologicos-colectivos-en-las-sociedades-de-conocimiento\/\"><strong>La orientaci\u00f3n final de los proyectos axiol\u00f3gicos colectivos en las sociedades de conocimiento<\/strong><\/a><br \/>\n12\u00ba Encuentro Internacional CETR. 7- 12 de noviembre de 2016 en Llavaneras (Barcelona)<\/p>\n<p><a href=\"https:\/\/cetr.net\/es\/13o-encuentro-internacional-el-problema-de-introducir-a-las-nuevas-generaciones-en-lo-que-nuestros-mayores-llamaron-espiritualidad\/\"><strong>El problema de introducir a las nuevas generaciones en lo que nuestros mayores llamaron espiritualidad<\/strong><\/a><br \/>\n13\u00ba Encuentro Internacional CETR. 6 &#8211; 11 de noviembre de 2017 en Llavaneras (Barcelona)<\/p>\n<p><a href=\"https:\/\/cetr.net\/es\/14o-encuentro-internacional-cetr-problemas-del-transito-a-una-espiritualidad-sin-sumision\/\"><strong>Problemas del tr\u00e1nsito a una espiritualidad sin sumisi\u00f3n<\/strong><\/a><br \/>\n14\u00ba Encuentro Internacional. 19 &#8211; 24 de noviembre de 2018 en Llavaneras (Barcelona)<\/p>\n<p><a href=\"https:\/\/cetr.net\/es\/novetat-editorial-diferencias-y-contraposiciones-entre-una-espiritualidad-de-sumision-y-una-espiritualidad-de-indagacion-y-creacion-libre-15o-encuentro-internacional-cetr\/\"><strong>Diferencias y contraposiciones entre una espiritualidad de sumisi\u00f3n <\/strong><strong>y una espiritualidad de indagaci\u00f3n y creaci\u00f3n libre<\/strong><\/a><br \/>\n15\u00ba Encuentro Internacional CETR. 25 &#8211; 30 de noviembre de 2019 en Llavaneras (Barcelona)<\/p>\n","protected":false},"excerpt":{"rendered":"<p>Tem\u00e1tica de los 15 Encuentros Internacionales 2004-2019 Los obst\u00e1culos a la espiritualidad en la Europa del siglo XXI 1er. Encuentro Internacional de CETR. 30 de Agosto- 4 de Septiembre 2004 en Can Bordoi \u00bfQu\u00e9 pueden ofrecer las tradiciones religiosas a las sociedades del siglo XXI? 2\u00ba Encuentro Internacional de CETR. 28 de junio &#8211; 2&hellip;<\/p>\n","protected":false},"author":1,"featured_media":0,"parent":0,"menu_order":0,"comment_status":"closed","ping_status":"closed","template":"","meta":{"_acf_changed":false,"footnotes":""},"class_list":["post-66571","page","type-page","status-publish","hentry","entry","no-media"],"acf":[],"_links":{"self":[{"href":"https:\/\/cetr.net\/es\/wp-json\/wp\/v2\/pages\/66571","targetHints":{"allow":["GET"]}}],"collection":[{"href":"https:\/\/cetr.net\/es\/wp-json\/wp\/v2\/pages"}],"about":[{"href":"https:\/\/cetr.net\/es\/wp-json\/wp\/v2\/types\/page"}],"author":[{"embeddable":true,"href":"https:\/\/cetr.net\/es\/wp-json\/wp\/v2\/users\/1"}],"replies":[{"embeddable":true,"href":"https:\/\/cetr.net\/es\/wp-json\/wp\/v2\/comments?post=66571"}],"version-history":[{"count":1,"href":"https:\/\/cetr.net\/es\/wp-json\/wp\/v2\/pages\/66571\/revisions"}],"predecessor-version":[{"id":66572,"href":"https:\/\/cetr.net\/es\/wp-json\/wp\/v2\/pages\/66571\/revisions\/66572"}],"wp:attachment":[{"href":"https:\/\/cetr.net\/es\/wp-json\/wp\/v2\/media?parent=66571"}],"curies":[{"name":"wp","href":"https:\/\/api.w.org\/{rel}","templated":true}]}}

Temática de los 15 Encuentros Internacionales 2004-2019

<h2><span style="color: #800000;"><strong>Temática de los 15 Encuentros Internacionales 2004-2019</strong></span></h2>
<p><a href="https://cetr.net/es/1er-encuentro/"><strong>Los obstáculos a la espiritualidad en la Europa del siglo XXI</strong></a><br />
1er. Encuentro Internacional de CETR. 30 de Agosto- 4 de Septiembre 2004 en Can Bordoi</p>
<p><a href="https://cetr.net/es/65986/"><strong>¿Qué pueden ofrecer las tradiciones religiosas a las sociedades del siglo XXI?</strong></a><br />
2º Encuentro Internacional de CETR. 28 de junio &#8211; 2 julio 2005 en Can Bordoi</p>
<p><a href="https://cetr.net/es/3_lectura_simbolica_dels_textos_sagr/"><strong>Lectura simbólica de los textos sagrados</strong></a><br />
3er. Encuentro Internacional CETR. 6-10 de junio de 2006 en Can Bordoi</p>
<p><a href="https://cetr.net/es/4o-encuentro-internacional-de-cetr/"><strong>Lectura puramente simbólica de los textos sagrados. Ensayos prácticos</strong></a><br />
4º Encuentro Internacional CETR. 3-7 de julio de 2007 en Can Bordoi</p>
<p><a href="https://cetr.net/es/5o-encuentro-internacional-de-cetr-la-espiritualidad-como-cualidad-humana-y-su-cultivo-en-una-sociedad-laica/"><strong>La espiritualidad como cualidad humana y su cultivo en una sociedad laica</strong></a><br />
5º Encuentro Internacional CETR. 7-12 de julio de 2008 en Can Bordoi</p>
<p><a href="https://cetr.net/es/6o-encuentro-de-cetr/"><strong>La calidad humana fuente de equidad y justicia. La herencia de las tradiciones de sabiduría</strong></a><br />
6º Encuentro Internacional CETR. 30 de junio-4 de julio 2009 en Llavaneras (Barcelona)</p>
<p><a href="https://cetr.net/es/7_consecuencias_del_final_de_la_epis/"><strong>Consecuencias del final de la epistemología mítica</strong></a><br />
7º Encuentro Internacional CETR. 28 de junio -2 de julio 2010 en Llavaneras (Barcelona)</p>
<p><a href="https://cetr.net/es/la_crisis_axuilogica_raiz_de_todas_l/"><strong>La crisis axiológica raíz de todas las crisis que sufre nuestro mundo. Cómo manejarnos con ella</strong></a><br />
8º Encuentro Internacional CETR. 16 &#8211; 20 de octubre de 2012 en Llavaneras (Barcelona)</p>
<p><a href="https://cetr.net/es/indagaciones_sobre_la_construccion_d/"><strong>Indagaciones sobre la construcción de una epistemología axiológica</strong></a><br />
9º Encuentro Internacional CETR en colaboración con el CEDI.<br />
25- 29 de noviembre de 2013 en Heredia (Costa Rica)</p>
<p><a href="https://cetr.net/es/la_necesidad_ineludible_del_culti/"><strong>La necesidad ineludible del cultivo de la cualidad humana y de la cualidad humana profunda en nuestras sociedades, como una indagación libre en comunicación y en servicio</strong></a><br />
10º Encuentro Internacional CETR. 7 -11 de octubre de 2014, en Llavaneras (Barcelona)</p>
<p><a href="https://cetr.net/es/crisis_de_las_religiones_como_sistem/"><strong>Crisis de las religiones como sistemas de programación colectiva y desmantelamiento axiológico: el reto de construir proyectos axiológicos colectivos que necesitamos</strong></a><br />
11º Encuentro Internacional CETR. 2 -7 de noviembre de 2015 en Llavaneras (Barcelona)</p>
<p><a href="https://cetr.net/es/la-orientacion-final-de-los-proyectos-axiologicos-colectivos-en-las-sociedades-de-conocimiento/"><strong>La orientación final de los proyectos axiológicos colectivos en las sociedades de conocimiento</strong></a><br />
12º Encuentro Internacional CETR. 7- 12 de noviembre de 2016 en Llavaneras (Barcelona)</p>
<p><a href="https://cetr.net/es/13o-encuentro-internacional-el-problema-de-introducir-a-las-nuevas-generaciones-en-lo-que-nuestros-mayores-llamaron-espiritualidad/"><strong>El problema de introducir a las nuevas generaciones en lo que nuestros mayores llamaron espiritualidad</strong></a><br />
13º Encuentro Internacional CETR. 6 &#8211; 11 de noviembre de 2017 en Llavaneras (Barcelona)</p>
<p><a href="https://cetr.net/es/14o-encuentro-internacional-cetr-problemas-del-transito-a-una-espiritualidad-sin-sumision/"><strong>Problemas del tránsito a una espiritualidad sin sumisión</strong></a><br />
14º Encuentro Internacional. 19 &#8211; 24 de noviembre de 2018 en Llavaneras (Barcelona)</p>
<p><a href="https://cetr.net/es/novetat-editorial-diferencias-y-contraposiciones-entre-una-espiritualidad-de-sumision-y-una-espiritualidad-de-indagacion-y-creacion-libre-15o-encuentro-internacional-cetr/"><strong>Diferencias y contraposiciones entre una espiritualidad de sumisión </strong><strong>y una espiritualidad de indagación y creación libre</strong></a><br />
15º Encuentro Internacional CETR. 25 &#8211; 30 de noviembre de 2019 en Llavaneras (Barcelona)</p>

<p>Temática de los 15 Encuentros Internacionales 2004-2019 Los obstáculos a la espiritualidad en la Europa del siglo XXI 1er. Encuentro Internacional de CETR. 30 de Agosto- 4 de Septiembre 2004 en Can Bordoi ¿Qué pueden ofrecer las tradiciones religiosas a las sociedades del siglo XXI? 2º Encuentro Internacional de CETR. 28 de junio &#8211; 2&hellip;</p>
